 first derivative of l**3/3 - 5*l**2/2 + 3. Let r = -13 - -17. Determine u(r).
-4
Let c(z) = 2*z**2 + 2*z - 3. Suppose 4*d = s + 17, 12 = -s - 5*d + 40. Let b(m) = m**2 - 3*m + 2. Let p be b(s). Give c(p).
9
Let w = -13 - -8. Let u(p) = -1 + 1 + 3*p**2 - 5*p - 4 - 2 + 7*p**3. Let l(g) = 4*g**3 + 2*g**2 - 3*g - 3. Let j(a) = w*l(a) + 3*u(a). Determine j(0).
-3
Let i = 7 + -5. Let c(d) = 0*d - 4*d + i*d - d - 1. Determine c(-3).
8
Let q(u) = 1. Let s(d) = d**2 - d + 5. Let c(a) = 3*q(a) - s(a). Let m be (-2)/(-8) - 44/(-16). Let o = 3 - m. Give c(o).
-2
Suppose 0 = 13*c - 15 + 2. Let l(d) be the third derivative of -d**6/60 - d**4/12 + d**3/6 - d**2. Calculate l(c).
-3
Let i(f) = -f**3 - 3*f**2 + 2*f - 2. Let m = -7 - -14. Let p = -2 + m. Suppose -7 - p = 3*r. What is i(r)?
6
Let s(b) = 8*b - 5 + 2 + 3. What is s(1)?
8
Suppose 0 = -3*j - 0*j + 3. Let w(t) = j + 6 + t - 1 + 1. Determine w(-5).
2
Let h(l) = l**2 - 1. Let d(v) = v**3 + v**2 + v + 7. Let u(f) = -d(f) - 3*h(f). Suppose -y = 3*y + 12. What is u(y)?
-10
Let x(z) = -9*z**2 + 13*z - 17. Let j(o) = 5*o**2 - 5*o + 11. Let h(b) = -b - 1. Let i(f) = -2*h(f) - j(f). Let q(v) = 11*i(v) - 6*x(v). Give q(-4).
-9
Let m be (-12)/9*114/(-4). Suppose 3 - m = -5*t. Let c be 2/t + 4/(-14). Let k(a) = a**2 + a - 2. Calculate k(c).
-2
Let m(i) = -i - 2. Let o be 3/(-9) + (-35)/(-15). Suppose -o*u + 0*j - 8 = -3*j, 4*j - 5 = -3*u. Give m(u).
-1
Let j(a) be the second derivative of 0*a**2 + 0*a**3 + 1/360*a**6 + 0 + 1/24*a**5 + 1/4*a**4 - 2*a. Let p(c) be the third derivative of j(c). Calculate p(-5).
-5
Let y(c) = 8*c**3 - c**2 - 2*c - 1. Let g = -6 + 5. What is y(g)?
-8
Let v(j) = j**3 + 4*j**2 + 2*j + 6. Let s = -6 + 11. Let i be ((-6)/15)/(1/s). Let c be (-2 - -3)*2*i. Give v(c).
-2
Let o(t) = -t**2 - 9*t + 4. Suppose 0 = 2*n - 3 + 21. Give o(n).
4
Let q(c) be the first derivative of 9*c**2/2 + c + 3. Let l(n) = 5*n + 1. Let s(k) = -7*l(k) + 4*q(k). Give s(3).
0
Let m(p) = 2 - 2 - p. Let z be m(-1). Let a(t) be the second derivative of t**3/3 + t**2/2 - t. Calculate a(z).
3
Suppose -2*w + 14 = 18. Let h(s) = -3*s. What is h(w)?
6
Let x(i) = 7*i**2 + i - 9. Let l = 4 + -11. Let p(h) = -10*h**2 - h + 13. Let y(c) = l*x(c) - 5*p(c). What is y(-2)?
6
Suppose 2 = 5*b - 3. Let x be 14/(-63) - (-4)/18. Let u(f) = -f**2 + 4*f**2 + x*f**2 + f**2. Determine u(b).
4
Let h(b) be the first derivative of -b**3 + 3 + 3*b + 1/4*b**4 - 3/2*b**2. Give h(3).
-6
Let f(n) = -n**2 + 1 + 3*n**2 + 2*n**2 + n. Let l(j) = j**2. Let q(y) = -f(y) - 6*l(y). Let u(g) = -g**3 + 8*g**2 + 10*g - 10. Let i be u(9). Calculate q(i).
-10
Let c(j) = 2 + 1 + 2 + j. Let p(i) = i**3 - 5*i**2 + i + 3. Let x be p(5). Suppose -4*w - x = -2*w - 4*m, -5*m = 4*w - 10. Determine c(w).
5
Let w(p) = 4*p + 46 + 9*p**2 + p**3 + 3*p - 52. Calculate w(-8).
2
Suppose 23 = 4*g - 5*l, 4*l + 22 - 8 = g. Let d be (3/g)/((-15)/20). Let n(x) = 5*x + 2. Calculate n(d).
-8
Let m(l) = -3*l - 4. Let i = -22 + 26. Calculate m(i).
-16
Let t(o) = -5*o. Let q(b) = -9*b + 1. Let u(w) = -6*q(w) + 11*t(w). Calculate u(-5).
-1
Let s be (-14)/3 + 16/24. Let w(l) = l**2 + 5*l. What is w(s)?
-4
Let z(g) = 2*g**2 + 5*g + 4. Let h = 9 + -6. Suppose -2*k - h*k = 15. Calculate z(k).
7
Let c be 2*9/(-6) - -11. Let x = 6 - c. Let w(t) = 3*t. Determine w(x).
-6
Let v(i) = 3*i - 8. Let x(d) = -2*d + 6. Let f(p) = -3*v(p) - 4*x(p). Calculate f(-5).
5
Let x(v) be the first derivative of v**3/3 - v**2/2 - 2*v - 187. Suppose -n + 7 = l, -4*l + 3*n = n - 16. Suppose 2*p + 1 = l. Determine x(p).
0
Suppose 0 = 5*l - 79 - 16. Suppose k + 0*x = x + 1, 4*k + x - l = 0. Let j be (-10)/(-25)*(k - -1). Let h(b) = -b. Give h(j).
-2
Let a(w) = 0*w**3 - 75*w**2 - w**3 + 79*w**2. Give a(5).
-25
Suppose -3*i - 4 = i. Let w = i + 2. Let k(d) = 1 + 5 + w + 2*d. What is k(-5)?
-3
Suppose -3*y + 5 = 11. Let v(t) = t + 11 + 9 - 17. Let a be v(y). Let b(j) = 6*j. What is b(a)?
6
Let q(u) = -2*u**2 - 3*u - 3. Let c be (-10 + 3 + 3)*-2. Suppose -h + 3 = 4*t + 7, c = -2*t + h. Determine q(t).
-5
Let j(t) be the second derivative of -t**3/6 - t**2 - 5*t. What is j(-3)?
1
Let w(p) be the second derivative of 0 - 2*p - 1/3*p**3 + p**2. Determine w(3).
-4
Let u = -94 - -92. Let b(m) = 6*m + 1. Let g(q) = 3*q. Let t(a) = -2*b(a) + 5*g(a). Calculate t(u).
-8
Let k(g) = -11*g**2 - 10*g + 4. Let i(b) = 4*b**2 + 3*b - 1. Let n(j) = -8*i(j) - 3*k(j). Give n(-6).
-4
Let n(s) = s. Suppose 5*w - d - 20 = 2*d, 0 = -5*w - 2*d + 20. Suppose -6*c = -w*c - 2. Determine n(c).
1
Let y(q) = 2*q + 1. Let a be y(2). Let d(i) = 6*i + 6 - 3*i + i - i**2. What is d(a)?
1
Let i(f) = f**2 - 5*f + 3. Let r(w) = w**2 - 4*w + 5. Let p be r(4). Determine i(p).
3
Let o(d) = -d**2 - 6*d + 5. Suppose 2*c = l + 5*c + 2, -3*l = 4*c + 21. Let r = l - -5. Calculate o(r).
5
Let j(d) = 2*d - 3. Let s = 26 + -21. What is j(s)?
7
Let w(u) = u - 9. Suppose j = -5*s - 11, 4*j - s = -0*s + 19. What is w(j)?
-5
Suppose 3*k - 4*o = -6*o, 2*k = -5*o + 11. Let q be k - 3*(-1 + 2). Let g(b) = b**2 + 6*b - 1. Determine g(q).
-6
Suppose 2*f = f + 1. Let a(z) = 4*z**2 + f - z + 2*z**2 + 2*z. Let l = 32 - 33. Determine a(l).
6
Let y(k) = -k**2 - 5*k - 6. Let o = -9 + 19. Suppose o + 6 = -4*a. Determine y(a).
-2
Let r(k) = 3*k - 2*k + 1 - 3 - 8. Let v be r(7). Let u(q) = -2 + 4*q + 4 + 1. Determine u(v).
-9
Let m(g) = -g - 2. Let z = 1 - -6. Let x = -10 + z. What is m(x)?
1
Let v(r) = 5*r**2 + 2*r + 1. Let b be v(-1). Let f(i) = -2 + i + b - 1. Suppose 3*l + 0 + 12 = 0. Determine f(l).
-3
Let w(c) = -9*c**3 + 7*c**2 + 6*c + 6. Let q(n) = -8*n**3 + 6*n**2 + 5*n + 5. Let i(f) = 6*q(f) - 5*w(f). Calculate i(1).
-2
Let b(g) = 0 - 1 + 4*g**3 + 0. Suppose -3 = q - 5. Suppose -4*w + 2*w = q. Determine b(w).
-5
Let p(s) = -2*s - 5. Let i(m) = 4*m + 10. Let z(c) = -4*i(c) - 9*p(c). What is z(6)?
17
Let o be 15*(-2 - 21/(-9)). Suppose -10 = 3*k + 2*k, -o*p = -5*k - 5. Let m(z) = 11*z**2 + 1. Give m(p).
12
Let o(x) be the second derivative of x**8/6720 + x**7/630 + x**6/360 + x**5/120 + x**4/3 + 2*x. Let m(w) be the third derivative of o(w). Determine m(-2).
5
Let b be 5 - 3 - (1 - -2)/(-3). Let j(f) be the third derivative of 1/6*f**b - 11/24*f**4 - 2*f**2 + 0*f + 0. What is j(1)?
-10
Let c be -1*1 + (-3 - -10). Let v(u) = -5*u - c*u**2 - u - u**3 + u + 6 - 10. Calculate v(-5).
-4
Let u be 0/(-2 + 2 - -2). Suppose u = 5*o - 3*f + 25, 0*f - 25 = 5*o - 2*f. Let x(a) = -4*a**2 + 0*a + 5*a**2 + 6*a + 7. Calculate x(o).
2
Let d be (1 - 3)*(-10)/4. Let a(o) = d - 10*o - 1 - 3 + 3*o. Determine a(1).
-6
Let i(f) = f**3 - 7 - 261*f**2 + 133*f**2 - f + 134*f**2. What is i(-6)?
-1
Let f(t) be the first derivative of t**4/4 - 2*t**3 - 7*t**2/2 - 6*t + 7. Give f(7).
-6
Let c be ((-2 - 2) + -2)*1. Let v = -8 - c. Let w be 0/(0 - v - 0). Let i(o) = -o - 2. Determine i(w).
-2
Let r(l) be the second derivative of l**4/12 - l**3/6 - 3*l**2/2 + 4*l. Let c(t) = -t - 3. Suppose 0 = q - 2*q. Let h be c(q). Calculate r(h).
9
Let w(k) = k - 4. Let a(p) = -3*p + 12. Suppose -4*b - 67 = -3*d, d + 46 = 3*d - 3*b. Let c(y) = d*w(y) + 6*a(y). Determine c(-3).
7
Let c(f) be the second derivative of -f**3/3 + f. Let g = -331 + 329. What is c(g)?
4
Let q(h) be the first derivative of 3*h**2 - 6*h**2 - 3 + h + 0*h. Let m = 0 + -1. Give q(m).
7
Let z(v) = -v**2 - 6*v + 6. Let b be -1 + 1*(-8 + 2). Calculate z(b).
-1
Let i(s) = -2*s + 6. Let q be i(5). Let b(y) be the first derivative of 3*y**2/2 + 3*y - 1. Give b(q).
-9
Let v = -45 - -75. Suppose 0 = 8*p - 3*p - v. Let j(a) = -a**2 + 6*a - 7. Calculate j(p).
-7
Let q(j) = -j**2 + 8*j - 10. Let y be q(7). Let t(l) = l**3 + l**2 + l - 1. Let m(n) = -n**3 - n**2 - n + 2. Let i(o) = y*t(o) - 2*m(o). Give i(-2).
5
Let n(i) = -2*i**3 - 6*i**2 + 7. Let f(k) = k**3 + 3*k**2 - 3. Let u(s) = -5*f(s) - 2*n(s). Let h = 12 - 15. What is u(h)?
1
Let p(g) = -7*g - 9. Let t(s) = -6*s - 9. Let w(v) = -5*p(v) + 6*t(v). What is w(-8)?
-1
Let n(b) = -7*b**3 - b**2 + 2*b. Let x be n(1). Let d(m) = m**3 + 6*m**2 - 2*m. Calculate d(x).
12
Let m(v) = -3*v**2 - 3*v + 5. Let z(n) = -n**2 + 1. Let l(t) = -m(t) + 4*z(t). Suppose 0*k = 4*k - 8. Let i be (3/(-12))/(k/(-24)). What is l(i)?
-1
Suppose a + 4 = -3*b, 3*a + 3 = -3*b - 9. Let y(o) be the second derivative of -1/12*o**4 - 